e - 3dde?
-3dd0
In base 15, what is -1 + 3deb0?
3deae
In base 16, what is -2527 + 66?
-24c1
In base 3, what is -100021112 - 2212?
-100101101
In base 10, what is -53656 + -5?
-53661
In base 9, what is 1 + -21413?
-21412
In base 13, what is -b0 - -234?
154
In base 14, what is 4 + -2b54?
-2b50
In base 8, what is -673006 + -3?
-673011
In base 11, what is -76 + -552?
-618
In base 14, what is -2688b + 3?
-26888
In base 10, what is 3 + -5264?
-5261
In base 5, what is 10 - -320420?
320430
In base 4, what is 11030022 - -10?
11030032
In base 2, what is 11100010 + -111011011?
-11111001
In base 16, what is 19075 - 1?
19074
In base 15, what is 2882 + -73?
280e
In base 14, what is -2bdbc5 - 0?
-2bdbc5
In base 11, what is -43 + 302?
26a
In base 9, what is 33641 - 3?
33637
In base 2, what is 1000011101110111 + -10?
1000011101110101
In base 5, what is -3211011 - 1?
-3211012
In base 12, what is 0 - 3061a?
-3061a
In base 12, what is -552 - 12?
-564
In base 13, what is 2 + 82b96?
82b98
In base 12, what is 2037 + -1?
2036
In base 12, what is 1911 - 16?
18b7
In base 13, what is -1b21 + -202?
-2023
In base 10, what is -3812 - 3?
-3815
In base 14, what is 136 + -339?
-203
In base 5, what is -2124 - -10?
-2114
In base 11, what is 13 + 6680?
6693
In base 4, what is 213132223030 - -2?
213132223032
In base 9, what is 87 + -1026?
-828
In base 14, what is -10c5 - -1d9?
-cca
In base 6, what is -410200 - 2?
-410202
In base 9, what is -240488 - 5?
-240504
In base 7, what is 212614 - -110?
213024
In base 4, what is 31121 - -103?
31230
In base 9, what is -3440551 - 4?
-3440555
In base 6, what is -44 + 122254?
122210
In base 6, what is 125533352 + -1?
125533351
In base 7, what is 2 - -1661?
1663
In base 2, what is -111100010 - 110101110?
-1110010000
In base 4, what is -32303211 + 0?
-32303211
In base 4, what is -2 - 2303331?
-2303333
In base 2, what is -1101001100 + -1100101?
-1110110001
In base 16, what is -3640 + -5?
-3645
In base 2, what is -11 + -10010011111011101?
-10010011111100000
In base 9, what is -6277 + -84?
-6372
In base 13, what is 5 - -1b33c?
1b344
In base 2, what is -11011111000 + 110?
-11011110010
In base 3, what is 11201202 + -1110?
11200022
In base 8, what is 603 - 62?
521
In base 14, what is 52cb + 47?
5334
In base 15, what is -224 + 1?
-223
In base 11, what is 48 - -37a1?
3839
In base 3, what is 210 - -221200210?
221201120
In base 6, what is 55 + 250445?
250544
In base 9, what is 462100 - -5?
462105
In base 5, what is -22 - -3013201?
3013124
In base 13, what is 1 + 10519?
1051a
In base 15, what is 16e97 - -3?
16e9a
In base 14, what is 987c - -23?
98a1
In base 6, what is 5410 + 33?
5443
In base 15, what is 3a - 39b8?
-397d
In base 5, what is 444432 + -10?
444422
In base 12, what is 163 - 4282?
-411b
In base 15, what is c63 - 15?
c4d
In base 2, what is -101 - 10101111010000100?
-10101111010001001
In base 3, what is -212 + -20221022?
-20222011
In base 8, what is 510367 - 3?
510364
In base 13, what is 779 + -83b?
-92
In base 8, what is 1167744 + -1?
1167743
In base 9, what is 4 + 45047?
45052
In base 6, what is 2433041 + -121?
2432520
In base 5, what is -21020410 - -14?
-21020341
In base 5, what is 421341 - -3?
421344
In base 11, what is -190918 - -3?
-190915
In base 4, what is -1112120 + 11?
-1112103
In base 2, what is 1010011001100001 + -101?
1010011001011100
In base 5, what is 221 - 10201?
-4430
In base 8, what is 25643 - -23?
25666
In base 16, what is 5 - -3d9f?
3da4
In base 5, what is -203 - 20402?
-21110
In base 12, what is -3b5a + 6?
-3b54
In base 9, what is 0 + -12167?
-12167
In base 5, what is -1 + 304223?
304222
In base 11, what is -391 - -1755?
1374
In base 10, what is -1733 - -161?
-1572
In base 11, what is -41 + 13402?
13371
In base 13, what is -51b5 - 1?
-51b6
In base 3, what is 1122002102 + -1011?
1122001021
In base 16, what is -1 - -1188?
1187
In base 12, what is 62 + -33?
2b
In base 11, what is -5 + 54a?
545
In base 6, what is -4 + -11215221?
-11215225
In base 14, what is -5 + -1a293?
-1a298
In base 13, what is -2 + 56974?
56972
In base 11, what is -144233 - 0?
-144233
In base 3, what is -222222101 + 102?
-222221222
In base 14, what is 3420 - 4?
341a
In base 10, what is -286 - 0?
-286
In base 6, what is 115 - -22443?
23002
In base 10, what is -1194 + -5?
-1199
In base 14, what is -103 - 15b1?
-16b4
In base 5, what is -2042412234 - -1?
-2042412233
In base 15, what is -1dc7 + 7e?
-1d48
In base 15, what is 8d66 + -2?
8d64
In base 9, what is -1 + -635270?
-635271
In base 8, what is 51 - 70166?
-70115
In base 6, what is 14123 - 512?
13211
In base 7, what is 5344 - 5?
5336
In base 5, what is 14 - 222?
-203
In base 4, what is 1 + -2113322?
-2113321
In base 14, what is -3 + 3531?
352c
In base 2, what is -110 - 1101101011000011?
-1101101011001001
In base 7, what is 245 + 341?
616
In base 2, what is 1101011000 + 100111001?
10010010001
In base 16, what is -a356 + -5?
-a35b
In base 3, what is -1121202112 + -11?
-1121202200
In base 3, what is -22 - 20022?
-20121
In base 16, what is -7d2b + 2?
-7d29
In base 12, what is 0 + 3847?
3847
In base 4, what is -201 + -32232110?
-32232311
In base 6, what is -1120 + -103034?
-104154
In base 10, what is -1 - -5587?
5586
In base 8, what is -107 - 2605?
-2714
In base 9, what is -21 - -26015?
25884
In base 11, what is -4 - -70217?
70213
In base 2, what is 100001011 + -111101001?
-11011110
In base 3, what is -12 + -1012021201?
-1012021220
In base 2, what is -110000 + 111010110?
110100110
In base 14, what is c98c - -2?
c990
In base 10, what is 676 + 583?
1259
In base 4, what is 2230121 + 33?
2230220
In base 2, what is 100010111001 - 10011?
100010100110
In base 5, what is 11102441 - 113?
11102323
In base 11, what is 2 - -1a49?
1a50
In base 12, what is 10 + -10b3?
-10a3
In base 4, what is 20010 - -1222?
21232
In base 12, what is -2 - 50a098?
-50a09a
In base 12, what is 282 + -1?
281
In base 5, what is 114 - 303002?
-302333
In base 13, what is 55 + -2401?
-2379
In base 9, what is -4 + -48110?
-48114
In base 9, what is 42357 - -5?
42363
In base 15, what is -342 - -3?
-33e
In base 8, what is -1267445 - -4?
-1267441
In base 2, what is -100011 - -11010001?
10101110
In base 16, what is -1 - a0ffd?
-a0ffe
In base 11, what is 9 - -115361?
11536a
In base 9, what is 3 - -2752?
2755
In base 15, what is -d + -3a55?
-3a63
In base 2, what is 11100010001 + -1?
11100010000
In base 4, what is 132212 + 1013?
133231
In base 11, what is -706a - 2?
-7071
In base 9, what is 87 - 2810?
-2712
In base 12, what is -28709 + a?
-286bb
In base 15, what is c2c - 26?
c06
In base 12, what is 5 + -10666?
-10661
In base 4, what is 232331211 + 11?
232331222
In base 14, what is -993 + -14?
-9a7
In base 12, what is -710 + 2b?
-6a1
In base 16, what is e9 - 81f?
-736
In base 10, what is -26 + 62854?
62828
In base 7, what is 2436 - 34?
2402
In base 6, what is -4203432 + -2?
-4203434
In base 2, what is 1001101000100001 + 101?
1001101000100110
In base 10, what is -186 + -10?
-196
In base 16, what is 26408 - -4?
2640c
In base 13, what is 20 - -49a?
4ba
In base 5, what is 0 - 404021210?
-404021210
In base 7, what is -114 - -10161?
10044
In base 11, what is 24a - -59?
2a8
In base 3, what is 22010021 + -1211?
22001110
In base 11, what is 4 - -a76a?
a773
In base 11, what is 305941 - 5?
305937
In base 4, what is 31 - 300?
-203
In base 12, what is 3764 + 12?
3776
In base 14, what is 1d - -394b4?
394d3
In base 5, what is -21322 - -3444?
-12323
In base 2, what is 1110001100101000 - 110?
1110001100100010
In base 14, what is aa + -41c?
-352
In base 9, what is 1740867 - -1?
1740868
In base 5, what is 4 + -10002214?
-10002210
In base 7, what is 301200 - 3?
301164
In base 5, what is 3441002131 + 0?
3441002131
In base 13, what is 2c79 - -2?
2c7b
In base 14, what is -28b - -31?
-25a
In base 14, what is bc + -13a?
-5c
In base 9, what is -301302 - -2?
-301300
In base 12, what is -65 + -13b6?
-145b
In base 13, what is 15c + 4b?
1aa
In base 11, what is -3366751 - 1?
-3366752
In base 13, what is 2 - 3c3?
-3c1
In base 8, what is 20602 + 0?
20602
In base 4, what is 1 - 2033220?
-2033213
In base 10, what is 23 - -850?
873
In base 5, what is 4 + -42343414?
-42343410
In base 9, what is -2 + 13261?
13258
In base 9, what is -7618 - 265?
-7884
In base 10, what is -12677 + -5?
-12682
In base 4